 What is the remainder when q is divided by 1/(4 + -3) + 17?
17
Let m be (-3)/(-7) + (-22553)/(-133). Suppose -8*w + 18*w = m. Suppose l - 5*r = -2*l + 7, l - 4*r + 7 = 0. Calculate the remainder when w is divided by l.
8
Let v be -3 - ((-123)/(-9))/((-4)/(-24)). What is the remainder when -3 - v/2*16/10 is divided by 34?
31
Let n be 9*(-5)/(-15) + 40. Suppose -5*o + 118 = n. What is the remainder when o is divided by 9?
6
Let x(n) = 10*n + 3. Let r be x(0). Suppose -u - r + 47 = 0. What is the remainder when u is divided by 15?
14
Let c be (-20 - 3)*2/2. Let k be (c - (1 + -2)) + -2. Let b = k + 56. What is the remainder when b is divided by 17?
15
Let g be ((-4)/(-16))/((-5)/(-220)). Suppose g*l = 13*l - 6. Calculate the remainder when 6 is divided by l.
0
What is the remainder when 55 is divided by (-72)/(-7) - 10 - 388/(-14)?
27
Let o(i) = -i**3 - 2*i**2 - 5*i - 2. Calculate the remainder when (1 + 9/(-3))*85/(-2) is divided by o(-3).
19
Let m(t) = t + 23. Let k be m(-7). Suppose -r - 10 = -k. What is the remainder when 21 is divided by r?
3
Let r(w) = w**2 - 2*w - 48. Calculate the remainder when 208 is divided by r(9).
13
Suppose -3*k + 32 = k. Suppose -2*z = 2*z - k. Suppose 0*h = -z*h + 16. Calculate the remainder when 22 is divided by h.
6
Suppose -84 + 280 = 2*p. Let r = p + -54. What is the remainder when 173 is divided by r?
41
Suppose -2 = 2*j - 4. Let b = j + 7. Calculate the remainder when (-1 + -19)/(-8 + 7) is divided by b.
4
Let z be 3 - 0 - (-1 - 1). Let v = 41 - z. Calculate the remainder when v is divided by 10.
6
Let i(f) = 2*f - 23. Calculate the remainder when i(22) is divided by 3/(2 - (-26)/(-16)).
5
Let i = 81 + 106. Suppose 0 = -3*r + 5*g + 152, -i = -4*r - 5*g - 31. Let t = 29 + r. What is the remainder when t is divided by 19?
16
Let z = -111 + 161. What is the remainder when 549 is divided by z?
49
Let u(x) = x**2 + 8*x + 4. Let s be u(-6). Let g(q) = q**2 + 5*q + 17. Calculate the remainder when 161 is divided by g(s).
38
Suppose -5*n = y - 5*y - 1, 2*y = 5*n - 3. Suppose 2*c - 4*x = -y + 9, 5*c = -3*x + 7. Calculate the remainder when 32 is divided by 1 - (-40)/(2 + c).
10
Suppose -3*v - 3 = -3*l, -28 = -5*v - 2*l - 5. Suppose 0*k - 4*k + 4 = 0. Let u = 0 + k. What is the remainder when v is divided by u?
0
Suppose 17 = -o + 2*p, 2*p + 3*p - 20 = 0. Let x = 7 - o. Calculate the remainder when x is divided by 6.
4
Let v(c) = -c**3 + 8*c**2 - 5*c - 7. Calculate the remainder when v(7) is divided by (96/(-112))/((-4)/14).
1
What is the remainder when -7*(34848/(-77))/9 is divided by 45?
37
Let b(h) = 86*h**2 + 44*h + 45. Calculate the remainder when 258 is divided by b(-1).
84
Let c be 8/(-4)*7/(-2). Let z = 1 + c. What is the remainder when 36 is divided by z?
4
Let x = -385 + 402. Calculate the remainder when 47 is divided by x.
13
Calculate the remainder when 14*(85/10 + -3) is divided by 26.
25
Let l(g) = g**3 + 7*g**2 - 18*g + 9. Calculate the remainder when (-3)/(-7 + -2)*372 is divided by l(-9).
7
Suppose 0 = -3*s - 9 - 0. Let g(j) = -32*j**3 + 33*j**3 + 29 - 26 + 5*j**2. Calculate the remainder when g(s) is divided by 8.
5
What is the remainder when 18/8*(-85 + 121) is divided by 60?
21
Suppose 0 = -2*u + 4*z + 24, -u - z = 4*u - 16. Suppose -i = -u*i - c + 49, 43 = i - 5*c. What is the remainder when i is divided by 7?
4
Let f(x) be the third derivative of 0*x - 43/24*x**4 - 1/6*x**3 + 0 + 12*x**2. What is the remainder when f(-1) is divided by 11?
9
Suppose 5*k - 5 = 0, 0 = -3*i - 6*k + 11*k + 169. Calculate the remainder when 174 is divided by i.
0
Let f(v) = -v**2 + 11*v - 20. Let z be f(6). What is the remainder when 95 is divided by ((-5)/(z/28))/(-1)?
11
Suppose -f = -7 - 13. Let d = f + -13. What is the remainder when 12 is divided by d?
5
Let r(h) = h**3 - 22*h**2 - 66*h + 103. What is the remainder when r(25) is divided by 83?
79
Suppose -u + 5*a = 2*a - 45, 0 = -5*a + 25. Suppose k - u = -4*k. Calculate the remainder when 47 is divided by k.
11
Suppose -2*z - 4*f + 45 = 3*z, -z + 30 = 5*f. Suppose z*q + 7 - 42 = 0. Let x = 3 + 2. What is the remainder when q is divided by x?
2
What is the remainder when 1010/(-30)*-1*9 is divided by 8?
7
Suppose 158 + 2 = 8*u. Suppose k - 5 = 3*w, -4*k - 3*w + w = -u. Calculate the remainder when k is divided by 3.
2
Let t(c) = -c**3 - 4*c**2 + 4. Let h = 31 - 21. Let x(l) = l**3 - 9*l**2 - 10*l - 4. Let z be x(h). Calculate the remainder when t(z) is divided by 2.
0
Let w(p) = -3*p + 7. Let l be w(-7). Let b = l + -10. Let i = 59 + -54. Calculate the remainder when b is divided by i.
3
Let n = -2 + 1. Let q(h) = h + 2. Let z = -36 - -38. Calculate the remainder when z is divided by q(n).
0
Suppose -742*f - 152 = -750*f. Calculate the remainder when 224 is divided by f.
15
Suppose -28*j = 8*j - 1080. Calculate the remainder when j is divided by 8.
6
Suppose -6*o - 2*p + 45 = -3*o, -75 = -5*o + 5*p. Suppose 2356 = 114*m - 620 + 354. What is the remainder when m is divided by o?
8
Let n(t) = -83*t + 18. Let r be n(-4). Let j = -213 + r. Calculate the remainder when j is divided by 20.
17
Suppose 1115 = -3*y - 2*y. Let l = -113 - y. Calculate the remainder when l is divided by 28.
26
Suppose 0 = -3*x + 15 + 21. Suppose 0 = -x*o + o + 242. Calculate the remainder when o is divided by 7.
1
Calculate the remainder when 26 is divided by ((-117)/(-52))/(4/16).
8
Suppose -5*u + 8*u = 39. Let f(s) = -s**2 - 5*s - 1. Let c be f(-3). Suppose c = 2*l - u. Calculate the remainder when 44 is divided by l.
8
Suppose 216*u - 221*u = -1545. Calculate the remainder when u is divided by 24.
21
Calculate the remainder when (2 - 186/(-12))*6 is divided by 27.
24
Let i = -912 + 930. Calculate the remainder when 627 is divided by i.
15
Let f(b) = -b**2 + 3*b + 4. Let c be f(4). Suppose c = -2*t + 4*t - 18. Let g(p) = 30*p - 105. What is the remainder when g(4) is divided by t?
6
Suppose 5*a + 7 - 32 = 0. Let n(t) = t**2 - t + 7. Let v be n(a). Suppose -37 = -4*r + v. Calculate the remainder when 31 is divided by r.
15
What is the remainder when (-210)/245 + 1231/7 is divided by 53?
16
Let c(u) = -6*u - 11. Let d be c(-2). Calculate the remainder when 23 - (-3 + d + (6 - 3)) is divided by 5.
2
Let u(m) = -3*m + 31. Let w(k) = -3*k**2 - k - 2. Let c be w(2). Let l = c - -26. What is the remainder when u(4) is divided by l?
9
Suppose 3*b - 7*b + 229 = -5*d, -4*b = d - 199. Suppose 5*g - b = 5*y + 154, 128 = -3*y + 4*g. Calculate the remainder when (12/y)/((-1)/18) is divided by 2.
0
Let v = -252 + 281. What is the remainder when 71 is divided by v?
13
Let t = 60 + -41. Calculate the remainder when 93 is divided by t.
17
Let v(j) = 17*j**2 - 68*j - 140. Let z(h) = -5*h - 2. What is the remainder when v(-2) is divided by z(-5)?
18
Let t = 238 - 196. Let a = 4 + 1. Suppose -52 = -2*u + 5*n, -t = 3*u - a*n - 120. Calculate the remainder when 102 is divided by u.
24
Suppose 2*x + 3*a - 2 = 0, 3*x - 4*a = -2*a + 3. Let q = x + 57. Calculate the remainder when q is divided by 10.
8
Suppose -2*i + 224 - 15 = -w, -i + 100 = 4*w. Calculate the remainder when i is divided by 28.
20
Suppose -4*k = -4*d - 8, k + 6 = 6*k - 3*d. Suppose -360 = -3*y - k*y. Let p(g) = 42*g**2 - 1. Calculate the remainder when y is divided by p(1).
38
Let b be 2037/84 + (-1)/4. Let x = -17 + b. Calculate the remainder when 19 is divided by x.
5
Let d be 110/30 + (-8)/(-6). Suppose -d*f + 18 = f. Calculate the remainder when 3 is divided by f.
0
Let l = -80 + -47. Let t = 38 - l. What is the remainder when t is divided by 42?
39
Let f(o) = o**3 + 2*o**2 - 12*o + 23. Let l = 113 + -107. What is the remainder when f(l) is divided by 11?
8
Let c(t) = -7*t + 4 + 3*t + 9*t**2 - t**3 + 6*t. What is the remainder when 86 is divided by c(9)?
20
Let t(b) = b**3 - 6*b**2 + 2*b - 6. Let g(o) = 3*o + 22. What is the remainder when g(-5) is divided by t(6)?
1
Let n(o) = o**2 - 1. Let z(h) = 8*h**2 - 6*h - 6. Let y(t) = -5*n(t) + z(t). What is the remainder when 43 is divided by y(-2)?
20
Suppose 3*t = 293 - 119. What is the remainder when 35/((-10640)/(-32)) - 9741/(-57) is divided by t?
55
Suppose 0 = 5*b - 64 - 66. What is the remainder when b is divided by 7*(-3)/(-3) - 0?
5
Let b = 586 - 542. What is the remainder when b is div